or of 92612?
False
Does 61 divide 98603?
False
Is 286916 a multiple of 111?
False
Is 2597322 a multiple of 71?
True
Does 749 divide 2526377?
True
Is 18334 a multiple of 89?
True
Does 14 divide 10168804?
False
Is 4534541 a multiple of 803?
True
Is 1282448 a multiple of 39?
False
Does 12 divide 256181?
False
Is 533 a factor of 12125786?
False
Does 633 divide 385497?
True
Is 336806 a multiple of 51?
False
Is 902 a factor of 16800652?
True
Is 18 a factor of 196902?
True
Is 171 a factor of 150883?
False
Is 45 a factor of 303269?
False
Is 19 a factor of 92961?
False
Is 14308733 a multiple of 586?
False
Is 3 a factor of 29949?
True
Is 76 a factor of 1773308?
True
Is 973401 a multiple of 24?
False
Is 11 a factor of 196729?
False
Is 3752331 a multiple of 39?
False
Does 764 divide 80984?
True
Is 6569320 a multiple of 1032?
False
Is 186 a factor of 37758?
True
Is 29 a factor of 2115347?
True
Does 15 divide 172167?
False
Is 4106445 a multiple of 555?
True
Is 126784 a multiple of 551?
False
Is 281 a factor of 85705?
True
Does 484 divide 3829117?
False
Is 551544 a multiple of 938?
True
Is 4715392 a multiple of 64?
True
Is 17 a factor of 49521?
True
Is 52 a factor of 2432612?
True
Does 140 divide 150640?
True
Is 38948 a multiple of 14?
True
Is 44 a factor of 400069?
False
Does 12 divide 690324?
True
Is 275155 a multiple of 487?
True
Is 1835337 a multiple of 13?
False
Does 11 divide 372592?
True
Is 178192 a multiple of 81?
False
Does 177 divide 73101?
True
Is 42 a factor of 2878029?
False
Is 1895719 a multiple of 48?
False
Is 82 a factor of 5101118?
False
Does 279 divide 829188?
True
Does 2 divide 180144?
True
Is 255 a factor of 1587070?
False
Is 24065694 a multiple of 2466?
True
Is 494136 a multiple of 12?
True
Does 112 divide 61162?
False
Is 60 a factor of 529020?
True
Is 58 a factor of 638406?
True
Is 90864 a multiple of 18?
True
Does 146 divide 2156274?
True
Is 271869 a multiple of 21?
False
Is 18050 a multiple of 5?
True
Is 20 a factor of 886234?
False
Does 40 divide 557933?
False
Is 3462293 a multiple of 9?
False
Is 611710 a multiple of 737?
True
Is 2616951 a multiple of 29?
False
Does 14 divide 108276?
True
Is 904285 a multiple of 689?
False
Does 74 divide 120133?
False
Is 57 a factor of 228285?
True
Is 38 a factor of 745446?
True
Is 543 a factor of 7784856?
False
Does 607 divide 611856?
True
Is 17640 a multiple of 40?
True
Does 27 divide 2218491?
False
Does 12 divide 43173?
False
Is 1540512 a multiple of 48?
True
Is 31 a factor of 968170?
False
Is 172459 a multiple of 22?
False
Is 5464115 a multiple of 565?
True
Is 26 a factor of 67756?
True
Is 270336 a multiple of 33?
True
Is 3 a factor of 27537?
True
Is 131290 a multiple of 19?
True
Does 278 divide 6198677?
False
Is 372 a factor of 7045308?
True
Does 68 divide 870468?
True
Is 10 a factor of 582300?
True
Is 115493 a multiple of 49?
True
Is 26 a factor of 10553661?
False
Is 225 a factor of 600750?
True
Is 10485 a multiple of 45?
True
Is 4349450 a multiple of 267?
False
Is 14894480 a multiple of 16?
True
Is 359 a factor of 658047?
True
Is 4484 a multiple of 10?
False
Is 228 a factor of 325584?
True
Is 6 a factor of 1749972?
True
Is 321 a factor of 15729?
True
Does 87 divide 318855?
True
Is 286738 a multiple of 13?
False
Is 2947648 a multiple of 158?
True
Is 93 a factor of 57856?
False
Does 145 divide 24360?
True
Is 353 a factor of 7161664?
True
Is 32340 a multiple of 3?
True
Is 94 a factor of 165392?
False
Is 22839859 a multiple of 15?
False
Does 66 divide 96053?
False
Is 93201 a multiple of 56?
False
Is 111 a factor of 7986685?
False
Does 390 divide 2907450?
True
Is 102 a factor of 4049390?
False
Does 13 divide 1833507?
True
Is 8 a factor of 784368?
True
Is 32 a factor of 625521?
False
Is 1511856 a multiple of 123?
False
Is 51686 a multiple of 601?
True
Does 8 divide 34704?
True
Is 146310 a multiple of 14?
False
Does 233 divide 958562?
True
Does 1571 divide 7798444?
True
Does 84 divide 197965?
False
Is 43 a factor of 339227?
True
Does 15 divide 256256?
False
Is 339780 a multiple of 84?
True
Does 63 divide 25452?
True
Is 27223575 a multiple of 141?
True
Is 126927 a multiple of 27?
True
Is 30 a factor of 133160?
False
Is 34 a factor of 799306?
True
Is 3 a factor of 55731?
True
Does 9 divide 4884409?
False
Is 404425 a multiple of 6?
False
Does 29 divide 306849?
True
Does 629 divide 1122136?
True
Is 43 a factor of 19264?
True
Does 227 divide 177514?
True
Is 256 a factor of 28673280?
True
Is 220 a factor of 474100?
True
Does 366 divide 864492?
True
Is 76258 a multiple of 91?
True
Is 467 a factor of 215287?
True
Is 1849871 a multiple of 967?
True
Does 5 divide 80715?
True
Is 279 a factor of 2884023?
True
Is 401 a factor of 244610?
True
Is 387314 a multiple of 8?
False
Is 17 a factor of 38182?
True
Does 11 divide 115214?
True
Is 8 a factor of 163737?
False
Is 6 a factor of 115682?
False
Is 9944826 a multiple of 206?
False
Is 97 a factor of 158469?
False
Does 38 divide 697528?
True
Does 123 divide 1036560?
False
Is 11762994 a multiple of 129?
True
Is 531 a factor of 2868103?
False
Is 11419103 a multiple of 93?
False
Does 12 divide 70653?
False
Does 2 divide 8101?
False
Does 324 divide 953008?
False
Does 7 divide 3706?
False
Is 97505 a multiple of 5?
True
Is 218516 a multiple of 69?
False
Does 61 divide 11636919?
False
Does 317 divide 3533415?
False
Is 1663652 a multiple of 21?
False
Is 133996 a multiple of 4?
True
Is 89 a factor of 1610989?
True
Does 40 divide 94760?
True
Is 335280 a multiple of 44?
True
Is 3708561 a multiple of 79?
False
Does 36 divide 114120?
True
Does 679 divide 702570?
False
Is 8 a factor of 11243192?
True
Does 1414 divide 6986574?
True
Is 1194332 a multiple of 111?
False
Is 519411 a multiple of 74?
False
Does 69 divide 35275?
False
Is 134 a factor of 633016?
True
Is 15838006 a multiple of 120?
False
Is 32 a factor of 6171161?
False
Is 4610 a multiple of 30?
False
Is 20 a factor of 234062?
False
Does 15 divide 177998?
False
Does 246 divide 216972?
True
Is 13840 a multiple of 15?
False
Does 76 divide 822333?
False
Is 90737 a multiple of 15?
False
Is 181 a factor of 11263367?
False
Is 7394 a multiple of 107?
False
Does 15 divide 224815?
False
Is 408075 a multiple of 3?
True
Does 95 divide 683383?
False
Does 269 divide 5918?
True
Is 100 a factor of 360026?
False
Is 98276 a multiple of 4?
True
Does 2 divide 148992?
True
Is 37630947 a multiple of 94?
False
Does 7 divide 3978758?
True
Does 48 divide 91440?
True
Is 40 a factor of 197920?
True
Is 166393 a multiple of 49?
False
Is 124 a factor of 930233?
False
Is 42 a factor of 1420398?
True
Is 2701665 a multiple of 15?
True
Is 4687339 a multiple of 31?
False
Is 7 a factor of 10319?
False
Is 799625 a multiple of 125?
True
Is 2396610 a multiple of 279?
True
Does 5 divide 450765?
True
Does 151 divide 9362?
True
Is 16 a factor of 2845552?
True
Is 618324 a multiple of 238?
True
Is 159225 a multiple of 165?
True
Does 16 divide 134085?
False
Is 27 a factor of 84807?
True
Is 148739 a multiple of 55?
False
Is 93351 a multiple of 47?
False
Does 290 divide 1752449?
False
Is 7 a factor of 26358?
False
Is 93 a factor of 116436?
True
Is 3 a factor of 17414?
False
Does 23 divide 4662859?
True
Is 46 a factor of 2618872?
True
Is 187 a factor of 417836?
False
Is 2275462 a multiple of 107?
True
Is 198 a factor of 1533722?
False
Is 611 a factor of 2183714?
True
Is 62 a factor of 9508444?
True
Is 89316 a multiple of 14?
False
Is 58884 even?
True
Is 12 a factor of 9233006?
False
Is 741881 a multiple of 11?
False
Is 3842633 a multiple of 12?
False
Does 12 divide 16114?
False
Does 22 divide 403194?
True
Does 415 divide 9545?
True
Is 11 a factor of 59609?
True
Does 107 divide 18508283?
False
Is 415879 a multiple of 27?
False
Does 36 divide 34380?
True
Does 267 divide 10252800?
True
Does 551 divide 1282177?
True
Does 924 divide 877128?
False
Does 92 divide 146280?
True
Is 9 a factor of 277371?
True
Is 1379812 a multiple of 1123?
False
Is 16 a factor of 152560?
True
Is 2176609 a multiple of 307?
False
Is 3357270 a multiple of 30?
True
Does 146 divide 408946?
True
Is 186816 a multiple of 42?
True
Is 265 a factor of 1898720?
False
Does 41 divide 103809?
False
Is 5433147 a multiple of 17?
False
Is 13 a factor of 55780?
False
Is 27 a factor of 1811295?
True
Is 15 a factor